 is the remainder when 64812 is divided by 47?
46
Calculate the remainder when 111578 is divided by 1213.
1195
Calculate the remainder when 4588 is divided by 31.
0
Calculate the remainder when 20918 is divided by 596.
58
Calculate the remainder when 518110 is divided by 56.
54
Calculate the remainder when 30442 is divided by 2028.
22
Calculate the remainder when 45105 is divided by 11226.
201
Calculate the remainder when 1331 is divided by 96.
83
What is the remainder when 11110 is divided by 1257?
1054
Calculate the remainder when 10839 is divided by 4945.
949
What is the remainder when 157551 is divided by 16?
15
What is the remainder when 28475 is divided by 14210?
55
Calculate the remainder when 64741 is divided by 4966.
183
What is the remainder when 11839 is divided by 44?
3
What is the remainder when 6992 is divided by 17?
5
What is the remainder when 7231 is divided by 9?
4
Calculate the remainder when 19669 is divided by 6531.
76
Calculate the remainder when 102552 is divided by 9.
6
What is the remainder when 3323 is divided by 1070?
113
Calculate the remainder when 140750 is divided by 44.
38
Calculate the remainder when 4918 is divided by 121.
78
Calculate the remainder when 8917 is divided by 8766.
151
Calculate the remainder when 5108 is divided by 706.
166
What is the remainder when 40636 is divided by 791?
295
Calculate the remainder when 18847 is divided by 569.
70
What is the remainder when 7591 is divided by 59?
39
Calculate the remainder when 4786 is divided by 1556.
118
What is the remainder when 187128 is divided by 28?
4
What is the remainder when 33935 is divided by 11305?
20
What is the remainder when 61538 is divided by 19?
16
Calculate the remainder when 64792 is divided by 169.
65
What is the remainder when 1479311 is divided by 24?
23
Calculate the remainder when 409937 is divided by 34.
33
Calculate the remainder when 9724 is divided by 1388.
8
Calculate the remainder when 187532 is divided by 97.
31
Calculate the remainder when 202198 is divided by 24.
22
What is the remainder when 3718 is divided by 1669?
380
Calculate the remainder when 3613775 is divided by 14.
11
What is the remainder when 24174 is divided by 8?
6
What is the remainder when 207721 is divided by 103848?
25
What is the remainder when 8432 is divided by 4205?
22
What is the remainder when 1067343 is divided by 19?
18
What is the remainder when 1417 is divided by 446?
79
What is the remainder when 6466 is divided by 74?
28
What is the remainder when 3142 is divided by 778?
30
Calculate the remainder when 108594 is divided by 2585.
24
What is the remainder when 539 is divided by 157?
68
Calculate the remainder when 177538 is divided by 22.
20
What is the remainder when 20849 is divided by 6847?
308
Calculate the remainder when 111173 is divided by 46.
37
What is the remainder when 338095 is divided by 557?
553
What is the remainder when 36958 is divided by 37?
32
What is the remainder when 2923791 is divided by 254?
251
Calculate the remainder when 2370 is divided by 124.
14
Calculate the remainder when 160018 is divided by 193.
21
What is the remainder when 73484 is divided by 181?
179
Calculate the remainder when 1197 is divided by 305.
282
Calculate the remainder when 54283 is divided by 82.
81
Calculate the remainder when 269963 is divided by 566.
547
Calculate the remainder when 133407 is divided by 133402.
5
What is the remainder when 7415 is divided by 18?
17
Calculate the remainder when 324 is divided by 123.
78
Calculate the remainder when 66899 is divided by 25.
24
Calculate the remainder when 425649 is divided by 237.
234
What is the remainder when 7985 is divided by 227?
40
Calculate the remainder when 7747 is divided by 5855.
1892
Calculate the remainder when 79413 is divided by 59.
58
What is the remainder when 338414 is divided by 16?
14
Calculate the remainder when 2758 is divided by 115.
113
What is the remainder when 13323 is divided by 1108?
27
What is the remainder when 424952 is divided by 63?
17
What is the remainder when 25228 is divided by 12609?
10
Calculate the remainder when 13923 is divided by 517.
481
What is the remainder when 43380 is divided by 324?
288
Calculate the remainder when 18050 is divided by 8999.
52
What is the remainder when 1569314 is divided by 164?
162
What is the remainder when 17002 is divided by 461?
406
What is the remainder when 1116721 is divided by 1116720?
1
What is the remainder when 14305 is divided by 1024?
993
Calculate the remainder when 122664 is divided by 166.
156
Calculate the remainder when 2398 is divided by 10.
8
Calculate the remainder when 19400 is divided by 14.
10
Calculate the remainder when 90318 is divided by 9.
3
What is the remainder when 897 is divided by 93?
60
Calculate the remainder when 6447 is divided by 78.
51
Calculate the remainder when 163557 is divided by 94.
91
Calculate the remainder when 5777440 is divided by 18.
16
What is the remainder when 3884 is divided by 2831?
1053
What is the remainder when 745367 is divided by 248453?
8
What is the remainder when 8058 is divided by 299?
284
Calculate the remainder when 1737 is divided by 314.
167
What is the remainder when 104968 is divided by 1071?
10
Calculate the remainder when 88911 is divided by 13.
4
What is the remainder when 42778 is divided by 1782?
10
Calculate the remainder when 19876 is divided by 452.
440
Calculate the remainder when 1232 is divided by 88.
0
Calculate the remainder when 22287 is divided by 674.
45
Calculate the remainder when 461069 is divided by 36.
17
Calculate the remainder when 1207 is divided by 18.
1
What is the remainder when 3303 is divided by 3264?
39
Calculate the remainder when 9274 is divided by 102.
94
Calculate the remainder when 15744 is divided by 20.
4
What is the remainder when 426800 is divided by 9700?
0
Calculate the remainder when 21106 is divided by 69.
61
What is the remainder when 80057 is divided by 29?
17
Calculate the remainder when 348874 is divided by 116279.
37
What is the remainder when 3519 is divided by 2?
1
Calculate the remainder when 6690 is divided by 111.
30
What is the remainder when 1353 is divided by 672?
9
What is the remainder when 2155 is divided by 120?
115
What is the remainder when 9244 is divided by 19?
10
Calculate the remainder when 228361 is divided by 227.
226
Calculate the remainder when 453101 is divided by 4.
1
What is the remainder when 531337 is divided by 29?
28
Calculate the remainder when 6231 is divided by 64.
23
Calculate the remainder when 373553 is divided by 35.
33
What is the remainder when 599061 is divided by 94?
93
What is the remainder when 4356 is divided by 614?
58
What is the remainder when 8330 is divided by 2079?
14
What is the remainder when 2380 is divided by 614?
538
What is the remainder when 92013 is divided by 11?
9
What is the remainder when 9747 is divided by 276?
87
What is the remainder when 1140 is divided by 216?
60
Calculate the remainder when 4342 is divided by 854.
72
Calculate the remainder when 90590 is divided by 2516.
14
Calculate the remainder when 75610 is divided by 347.
311
Calculate the remainder when 13168 is divided by 128.
112
Calculate the remainder when 120002 is divided by 51.
50
Calculate the remainder when 15554 is divided by 598.
6
Calculate the remainder when 21009 is divided by 10500.
9
What is the remainder when 1316 is divided by 18?
2
What is the remainder when 2059586 is divided by 3?
2
What is the remainder when 6021 is divided by 1203?
6
Calculate the remainder when 27091 is divided by 732.
7
Calculate the remainder when 61057 is divided by 44.
29
What is the remainder when 14352 is divided by 319?
316
What is the remainder when 49913 is divided by 9980?
13
What is the remainder when 2657 is divided by 116?
105
What is the remainder when 7118 is divided by 48?
14
Calculate the remainder when 41118 is divided by 232.
54
What is the remainder when 10762 is divided by 469?
444
What is the remainder when 10408 is divided by 400?
8
Calculate the remainder when 8455 is divided by 177.
136
Calculate the remainder when 124425 is divided by 201.
6
What is the remainder when 5282 is divided by 196?
186
What is the remainder when 3280 is divided by 1585?
110
What is the remaind